ime factors of 634?
2, 317
What are the prime factors of 8822?
2, 11, 401
List the prime factors of 478.
2, 239
What are the prime factors of 17074?
2, 8537
List the prime factors of 52715.
5, 13, 811
List the prime factors of 6428.
2, 1607
What are the prime factors of 7220?
2, 5, 19
What are the prime factors of 483?
3, 7, 23
What are the prime factors of 1037?
17, 61
List the prime factors of 10909.
10909
What are the prime factors of 1422?
2, 3, 79
What are the prime factors of 9805?
5, 37, 53
List the prime factors of 4419.
3, 491
List the prime factors of 701.
701
What are the prime factors of 393?
3, 131
List the prime factors of 777.
3, 7, 37
List the prime factors of 199.
199
List the prime factors of 2229.
3, 743
List the prime factors of 44221.
44221
List the prime factors of 19135.
5, 43, 89
List the prime factors of 6821.
19, 359
What are the prime factors of 1136?
2, 71
What are the prime factors of 340?
2, 5, 17
What are the prime factors of 16712?
2, 2089
What are the prime factors of 15489?
3, 1721
What are the prime factors of 20706?
2, 3, 7, 17, 29
List the prime factors of 632.
2, 79
What are the prime factors of 5336?
2, 23, 29
List the prime factors of 559.
13, 43
What are the prime factors of 33450?
2, 3, 5, 223
What are the prime factors of 5521?
5521
List the prime factors of 220.
2, 5, 11
List the prime factors of 27732.
2, 3, 2311
What are the prime factors of 39957?
3, 19, 701
List the prime factors of 558.
2, 3, 31
List the prime factors of 9925.
5, 397
List the prime factors of 1719.
3, 191
What are the prime factors of 883?
883
What are the prime factors of 39810?
2, 3, 5, 1327
What are the prime factors of 28501?
11, 2591
What are the prime factors of 31116?
2, 3, 2593
List the prime factors of 6379.
6379
What are the prime factors of 422?
2, 211
List the prime factors of 126765.
3, 5, 313
What are the prime factors of 1784?
2, 223
What are the prime factors of 52532?
2, 23, 571
List the prime factors of 1697.
1697
What are the prime factors of 13055?
5, 7, 373
What are the prime factors of 5792?
2, 181
List the prime factors of 119250.
2, 3, 5, 53
What are the prime factors of 15037?
11, 1367
What are the prime factors of 2316?
2, 3, 193
What are the prime factors of 536?
2, 67
What are the prime factors of 37?
37
What are the prime factors of 1559?
1559
What are the prime factors of 1927?
41, 47
What are the prime factors of 7?
7
List the prime factors of 883.
883
List the prime factors of 24612.
2, 3, 7, 293
List the prime factors of 1772.
2, 443
What are the prime factors of 31582?
2, 15791
List the prime factors of 15732.
2, 3, 19, 23
List the prime factors of 5713.
29, 197
List the prime factors of 4320.
2, 3, 5
List the prime factors of 1223.
1223
What are the prime factors of 6108?
2, 3, 509
What are the prime factors of 29114?
2, 14557
List the prime factors of 757.
757
List the prime factors of 133877.
133877
What are the prime factors of 23973?
3, 61, 131
List the prime factors of 35043.
3, 11681
List the prime factors of 60983.
13, 4691
List the prime factors of 1327.
1327
List the prime factors of 24697.
24697
List the prime factors of 75.
3, 5
What are the prime factors of 1489?
1489
List the prime factors of 44514.
2, 3, 2473
List the prime factors of 3732.
2, 3, 311
What are the prime factors of 1283?
1283
List the prime factors of 15958.
2, 79, 101
List the prime factors of 110234.
2, 55117
What are the prime factors of 32025?
3, 5, 7, 61
List the prime factors of 28214.
2, 14107
List the prime factors of 9999.
3, 11, 101
What are the prime factors of 144327?
3, 48109
What are the prime factors of 3057?
3, 1019
List the prime factors of 15674.
2, 17, 461
What are the prime factors of 10722?
2, 3, 1787
List the prime factors of 739.
739
What are the prime factors of 764?
2, 191
List the prime factors of 20124.
2, 3, 13, 43
What are the prime factors of 1090?
2, 5, 109
List the prime factors of 6728.
2, 29
What are the prime factors of 8068?
2, 2017
List the prime factors of 13107.
3, 17, 257
What are the prime factors of 5223?
3, 1741
List the prime factors of 1696.
2, 53
List the prime factors of 1781.
13, 137
List the prime factors of 1280.
2, 5
What are the prime factors of 175076?
2, 11, 23, 173
What are the prime factors of 11495?
5, 11, 19
What are the prime factors of 41525?
5, 11, 151
What are the prime factors of 413?
7, 59
What are the prime factors of 8868?
2, 3, 739
List the prime factors of 11062.
2, 5531
List the prime factors of 1842.
2, 3, 307
List the prime factors of 6497.
73, 89
List the prime factors of 540.
2, 3, 5
List the prime factors of 1080.
2, 3, 5
What are the prime factors of 1011?
3, 337
What are the prime factors of 1348?
2, 337
What are the prime factors of 21502?
2, 13, 827
List the prime factors of 86884.
2, 7, 29, 107
What are the prime factors of 153483?
3, 11, 4651
What are the prime factors of 2008?
2, 251
List the prime factors of 8714.
2, 4357
List the prime factors of 45925.
5, 11, 167
What are the prime factors of 147?
3, 7
What are the prime factors of 3691?
3691
List the prime factors of 87524.
2, 21881
What are the prime factors of 15228?
2, 3, 47
List the prime factors of 3465.
3, 5, 7, 11
What are the prime factors of 1962?
2, 3, 109
What are the prime factors of 2954?
2, 7, 211
What are the prime factors of 23728?
2, 1483
List the prime factors of 41794.
2, 20897
List the prime factors of 11651.
61, 191
What are the prime factors of 1700?
2, 5, 17
List the prime factors of 25528.
2, 3191
List the prime factors of 84641.
53, 1597
List the prime factors of 84804.
2, 3, 37, 191
List the prime factors of 1240.
2, 5, 31
List the prime factors of 842.
2, 421
What are the prime factors of 245?
5, 7
List the prime factors of 4493.
4493
What are the prime factors of 3866?
2, 1933
What are the prime factors of 23888?
2, 1493
List the prime factors of 1676.
2, 419
List the prime factors of 6091.
6091
List the prime factors of 27103.
27103
List the prime factors of 36646.
2, 73, 251
What are the prime factors of 179012?
2, 44753
List the prime factors of 638.
2, 11, 29
What are the prime factors of 7792?
2, 487
What are the prime factors of 3688?
2, 461
What are the prime factors of 43468?
2, 10867
List the prime factors of 956.
2, 239
List the prime factors of 1053.
3, 13
What are the prime factors of 21253?
53, 401
List the prime factors of 33920.
2, 5, 53
What are the prime factors of 142475?
5, 41, 139
What are the prime factors of 3934?
2, 7, 281
List the prime factors of 1021.
1021
What are the prime factors of 85224?
2, 3, 53, 67
List the prime factors of 7338.
2, 3, 1223
What are the prime factors of 1328?
2, 83
What are the prime factors of 8094?
2, 3, 19, 71
What are the prime factors of 551?
19, 29
What are the prime factors of 21523?
21523
List the prime factors of 284.
2, 71
List the prime factors of 1386.
2, 3, 7, 11
List the prime factors of 1162.
2, 7, 83
List the prime factors of 246.
2, 3, 41
What are the prime factors of 12344?
2, 1543
What are the prime factors of 90?
2, 3, 5
What are the prime factors of 4568?
2, 571
List the prime factors of 66373.
66373
What are the prime factors of 2335?
5, 467
What are the prime factors of 773?
773
List the prime factors of 59.
59
List the prime factors of 32216.
2, 4027
List the prime factors of 698.
2, 349
What are the prime factors of 779?
19, 41
What are the prime factors of 903?
3, 7, 43
List the prime factors of 62.
2, 31
What are the prime factors of 514?
2, 257
What are the prime factors of 969?
3, 17, 19
List the prime factors of 1248.
2, 3, 13
List the prime factors of 590.
2, 5, 59
What are the prime factors of 6733?
6733
List the prime factors of 1228.
2, 307
What are the prime factors of 2185?
5, 19, 23
What are the prime factors of 10923?
3, 11, 331
What are the prime factors of 12855?
3, 5, 857
List the prime factors of 1381.
1381
List the prime factors of 99.
3, 11
What are the prime factors of 30099?
3, 79, 127
What are the prime factors of 10037?
10037
What are the prime factors of 758?
2, 379
List the prime factors of 66845.
5, 29, 461
What are the prime factors of 72981?
3, 17, 53
What are the prime factors of 677?
677
What are the prime factors of 11751?
3, 3917
What are the pr